{"id":578,"date":"2022-07-18T19:55:27","date_gmt":"2022-07-18T17:55:27","guid":{"rendered":"https:\/\/kirikumoisa.eu\/?page_id=578"},"modified":"2022-07-19T11:17:50","modified_gmt":"2022-07-19T09:17:50","slug":"privaatsuspoliitika","status":"publish","type":"page","link":"https:\/\/kirikumoisa.eu\/?page_id=578","title":{"rendered":"Privaatsuspoliitika"},"content":{"rendered":"<section class=\"section\">\n<div class=\"container\">\n<div class=\"editorContent\">\n<h3 id=\"privaatsuspoliitika-n\u00e4idis\">Privaatsuspoliitika<\/h3>\n<p><strong>1. \u00dclds\u00e4tted<\/strong><\/p>\n<p>1.1. K\u00e4esolev privaatsuspoliitika reguleerib isikuandmete kogumist, t\u00f6\u00f6tlemist ja s\u00e4ilitamist k\u00e4sitlevaid p\u00f5him\u00f5tteid. Isikuandmeid kogub t\u00f6\u00f6tleb ja s\u00e4ilitab isikuandmete vastutav t\u00f6\u00f6tleja <strong>J\u00f5el\u00e4htme Kirikum\u00f5isa Sihtasutus<\/strong>&nbsp;(edaspidi andmet\u00f6\u00f6tleja).<\/p>\n<p>1.2. Isikuandmed t\u00e4hendavad mistahes andmeid tuvastatud v\u00f5i tuvastatava f\u00fc\u00fcsilise isiku ehk andmesubjekti kohta. T\u00f6\u00f6tlemine t\u00e4hendab isikuandmetega tehtavat igasugust toimingut n\u00e4iteks kogumist, salvestamist, muutmist, kasutamist, vaatamist, kustutamist v\u00f5i h\u00e4vitamist.<br \/>\n1.3. Andmet\u00f6\u00f6tleja j\u00e4rgib \u00f5igusaktides s\u00e4testatud andmet\u00f6\u00f6tlemisp\u00f5him\u00f5tteid, muuhulgas t\u00f6\u00f6tleb andmet\u00f6\u00f6tleja isikuandmeid seaduslikult, \u00f5iglaselt ja turvaliselt. Andmet\u00f6\u00f6tleja on v\u00f5imeline kinnitama, et isikuandmeid on t\u00f6\u00f6deldud vastavalt \u00f5igusaktides s\u00e4testatule.<\/p>\n<p><strong>2. Isikuandmete kogumine, t\u00f6\u00f6tlemine ja s\u00e4ilitamine<\/strong><\/p>\n<p>2.1. Isikuandmed, mida andmet\u00f6\u00f6tleja kogub, t\u00f6\u00f6tleb ja s\u00e4ilitab, on kogutud elektrooniliselt, peamiselt kodulehe ja e-posti vahendusel.<strong>&nbsp;<\/strong><\/p>\n<p>2.2. Oma isikuandmete jagamisega annab andmesubjekt andmet\u00f6\u00f6tlejale \u00f5iguse koguda, korraldada, kasutada ja hallata privaatsuspoliitikas m\u00e4\u00e4ratletud eesm\u00e4rgil isikuandmeid, mida andmesubjekt otse v\u00f5i kaudselt andmet\u00f6\u00f6tlejale jagab.<\/p>\n<p>2.3. Andmesubjekt vastutab selle eest, et tema poolt esitatud andmed oleksid t\u00e4psed, \u00f5iged ja terviklikud. Teadlikult valeandmete esitamist peetakse privaatsuspoliitika rikkumiseks. Andmesubjekt on kohustatud andmet\u00f6\u00f6tlejat viivitamatult teavitama esitatud andmete muutumisest.<\/p>\n<p>2.4. Andmet\u00f6\u00f6tleja ei vastuta andmesubjekti poolt valeandmete esitamisest p\u00f5hjustatud kahju eest andmesubjektile v\u00f5i kolmandatele osapooltele.<\/p>\n<p>2.5. J\u00f5el\u00e4htme Kirikum\u00f5isa Sihtasutus on isikuandmete vastutav t\u00f6\u00f6tleja ja edastab maksete teostamiseks vajalikud isikuandmed volitatud t\u00f6\u00f6tleja Maksekeskus AS-ile.<\/p>\n<p><strong>3. Klientide isikuandmete t\u00f6\u00f6tlemine<\/strong><\/p>\n<p>3.1. Andmet\u00f6\u00f6tleja v\u00f5ib t\u00f6\u00f6delda j\u00e4rgnevaid andmesubjekti isikuandmeid:<\/p>\n<p>3.1.1. Ees- ja perekonnanimi;<\/p>\n<p>3.1.2. Isikukood;<\/p>\n<p>3.1.3. E-posti aadress;<\/p>\n<p>3.1.4. Arvelduskonto number;<\/p>\n<p>3.1.5. Maksekaardi detailid;<\/p>\n<p>3.1.6. Organisatsiooni\/asutuse nimi<\/p>\n<p>3.1.7. Organisatsiooni\/asutuse registrikood<\/p>\n<p>3.1.8. Organisatsiooni\/asutuse postiaadress<\/p>\n<p>3.2. Annetuste kaudu kogutavad isikuandmed. Isikuandmete kogumine v\u00f5ib toimuda allj\u00e4rgnevatel viisidel:<br \/>\n3.2.1 Annetuse sooritamisel annetuskeskkonnas isiku kontaktandmeid puudutavate andmete talletamisel. N\u00f5utavad isikuandmed v\u00f5ivad sisaldada nime, e-posti aadressi ja isikukoodi.<br \/>\n3.2.2 P\u00fcsiannetuslepingu s\u00f5lmimisel, andes isikuandmed, mis sisaldavad nime, e-posti aadressi ja isikukoodi.<br \/>\n3.2.3 Kodulehek\u00fclje kaudu registreerides<br \/>\n3.2.4 Isikuandmete t\u00f6\u00f6tlemise eesm\u00e4rkideks on:<br \/>\n3.2.4.1 Kogutud isikuandmete abil saadakse annetusi hallata.<br \/>\n3.2.4.2 Isikukoodi kasutatakse tulumaksu tagastamiseks annetajale.<br \/>\n3.3 Andmesubjekt vastutab selle eest, et tema poolt esitatud andmed oleksid t\u00e4psed, \u00f5iged ja terviklikud. Teadlikult valeandmete esitamist peetakse privaatsuspoliitika rikkumiseks. Andmesubjekt on kohustatud andmet\u00f6\u00f6tlejat viivitamatult teavitama esitatud andmete muutumisest.<br \/>\n3.4 Andmet\u00f6\u00f6tleja ei vastuta andmesubjekti poolt valeandmete esitamisest p\u00f5hjustatud kahju eest andmesubjektile v\u00f5i kolmandatele osapooltele.<br \/>\n3.5 Lisaks eeltoodule on andmet\u00f6\u00f6tlejal \u00f5igus koguda kliendi kohta andmeid, mis on k\u00e4ttesaadavad avalikes registrites.<br \/>\n3.6 Isikuandmete t\u00f6\u00f6tlemise \u00f5iguslik alus on isikuandmete kaitse \u00fcldm\u00e4\u00e4ruse paragrahv 6 lg 1 p-d a), b), c) ja f):<br \/>\n3.6.1 a) andmesubjekt on andnud n\u00f5usoleku t\u00f6\u00f6delda oma isikuandmeid \u00fchel v\u00f5i mitmel<br \/>\nkonkreetsel eesm\u00e4rgil;<br \/>\n3.6.2 b) isikuandmete t\u00f6\u00f6tlemine on vajalik andmesubjekti osalusel s\u00f5lmitud lepingu t\u00e4itmiseks v\u00f5i lepingu s\u00f5lmimisele eelnevate meetmete v\u00f5tmiseks vastavalt andmesubjekti taotlusele;<br \/>\n3.6.3 c) isikuandmete t\u00f6\u00f6tlemine on vajalik vastutava t\u00f6\u00f6tleja juriidilise kohustuse t\u00e4itmiseks;<br \/>\n3.6.4 f) isikuandmete t\u00f6\u00f6tlemine on vajalik vastutava t\u00f6\u00f6tleja v\u00f5i kolmanda isiku \u00f5igustatud huvi korral, v\u00e4lja arvatud juhul, kui sellise huvi kaaluvad \u00fcles andmesubjekti huvid v\u00f5i p\u00f5hi\u00f5igused ja -vabadused, mille nimel tuleb kaitsta isikuandmeid, eriti juhul kui andmesubjekt on laps.<br \/>\n3.7 Isikuandmeid s\u00e4ilitatakse niikaua, kui t\u00f6\u00f6tlemiseks on vaja. See t\u00e4hendab, et andmed kustutatakse kohe, kui neid pole enam otstarbeks, milleks neid koguti, vaja, v\u00f5i pole need enam asjakohased. Isikuandmete k\u00e4sitsemisel j\u00e4rgitakse alati k\u00f5rgel tasemel turvalisuse ja konfidentsiaalsuse n\u00f5udeid.<br \/>\n4. Andmesubjekti \u00f5igused<br \/>\n4.1 Andmesubjektil on \u00f5igus saada ligip\u00e4\u00e4s oma isikuandmetele ning nendega tutvuda.<br \/>\n4.2 Andmesubjektil on \u00f5igus saada informatsiooni tema isikuandmete t\u00f6\u00f6tlemise kohta.<br \/>\n4.3 Andmesubjektil on \u00f5igus t\u00e4iendada v\u00f5i parandada ebat\u00e4pseid andmeid.<br \/>\n4.4 Kui andmet\u00f6\u00f6tleja t\u00f6\u00f6tleb andmesubjekti isikuandmeid andmesubjekti n\u00f5usoleku<br \/>\nalusel, siis on andmesubjektil \u00f5igus igal ajal n\u00f5usolek tagasi v\u00f5tta.<\/p>\n<p>4.5 Andmesubjektil on oma \u00f5iguste kaitseks v\u00f5imalik esitada kaebus Andmekaitse Inspektsioonile.<br \/>\n5. L\u00f5pps\u00e4tted<br \/>\n5.1 K\u00e4esolevad andmekaitsetingimused on koostatud koosk\u00f5las Euroopa Parlamendi ja n\u00f5ukogu m\u00e4\u00e4rusega (EL) nr 2016\/679 f\u00fc\u00fcsiliste isikute kaitse kohta isikuandmete t\u00f6\u00f6tlemisel ja selliste andmete vaba liikumise ning direktiivi 95\/46 \/ E\u00dc kehtetuks tunnistamise kohta \/ E\u00dc (isikuandmete kaitse \u00fcldm\u00e4\u00e4rus),<br \/>\n5.2 Eesti Vabariigi isikuandmete kaitse seadusega ning Eesti Vabariigi ja Euroopa Liidu \u00f5igusaktidega.<br \/>\n5.3 Andmet\u00f6\u00f6tlejal on \u00f5igus andmekaitsetingimusi osaliselt v\u00f5i t\u00e4ielikult muuta, teavitades andmesubjekte muudatustest kodulehe kirikumoisa.eu kaudu.<br \/>\n6. K\u00fcpsiste kasutamine<br \/>\n6.1 J\u00f5el\u00e4htme Kirikum\u00f5isa Sihtasutuse hallatav veebileht v\u00f5ib kasutada k\u00fcpsiseid, et teha isikute kasutajakogemus veebilehel mugavamaks ja kasutamine sujuvamaks. K\u00fcpsis on v\u00e4ike tekstifail, mille veebilehitseja automaatselt isiku kasutatavasse seadmesse salvestab. K\u00fcpsiseid kasutatakse anon\u00fc\u00fcmse ja \u00fcldistatud statistika kogumiseks veebilehe k\u00fclastajate arvu kohta, infot kuidas veebilehte kasutatakse, selleks, et muuta veebileht veelgi kasutajas\u00f5bralikumaks ja paremaks. K\u00fcpsiste kasutamise mitten\u00f5ustumisega on v\u00f5imaik seadmes salvestatud k\u00fcpsised blokeerida. Selleks tuleb muuta veebilehitseja vastavaid seadmeid. K\u00fcpsiste mittekasutamisel ei pruugi veebilehed korrektselt t\u00f6\u00f6tada ja k\u00f5ik teenused ei pruugi olla k\u00e4ttesaadavad.<\/p>\n<p>&nbsp;<\/p>\n<\/div>\n<\/div>\n<\/section>\n","protected":false},"excerpt":{"rendered":"<p>Privaatsuspoliitika 1. \u00dclds\u00e4tted 1.1. K\u00e4esolev privaatsuspoliitika reguleerib isikuandmete kogumist, t\u00f6\u00f6tlemist ja s\u00e4ilitamist k\u00e4sitlevaid p\u00f5him\u00f5tteid. Isikuandmeid kogub t\u00f6\u00f6tleb ja s\u00e4ilitab isikuandmete vastutav t\u00f6\u00f6tleja J\u00f5el\u00e4htme Kirikum\u00f5isa Sihtasutus&nbsp;(edaspidi andmet\u00f6\u00f6tleja). 1.2. Isikuandmed t\u00e4hendavad mistahes andmeid tuvastatud v\u00f5i tuvastatava f\u00fc\u00fcsilise isiku ehk andmesubjekti kohta. T\u00f6\u00f6tlemine t\u00e4hendab isikuandmetega tehtavat igasugust toimingut n\u00e4iteks kogumist, salvestamist, muutmist, kasutamist, vaatamist, kustutamist v\u00f5i h\u00e4vitamist. 1.3. [&hellip;]<\/p>\n","protected":false},"author":2,"featured_media":0,"parent":0,"menu_order":0,"comment_status":"closed","ping_status":"closed","template":"","meta":{"footnotes":""},"class_list":["post-578","page","type-page","status-publish","hentry","no-featured-image"],"_links":{"self":[{"href":"https:\/\/kirikumoisa.eu\/index.php?rest_route=\/wp\/v2\/pages\/578","targetHints":{"allow":["GET"]}}],"collection":[{"href":"https:\/\/kirikumoisa.eu\/index.php?rest_route=\/wp\/v2\/pages"}],"about":[{"href":"https:\/\/kirikumoisa.eu\/index.php?rest_route=\/wp\/v2\/types\/page"}],"author":[{"embeddable":true,"href":"https:\/\/kirikumoisa.eu\/index.php?rest_route=\/wp\/v2\/users\/2"}],"replies":[{"embeddable":true,"href":"https:\/\/kirikumoisa.eu\/index.php?rest_route=%2Fwp%2Fv2%2Fcomments&post=578"}],"version-history":[{"count":9,"href":"https:\/\/kirikumoisa.eu\/index.php?rest_route=\/wp\/v2\/pages\/578\/revisions"}],"predecessor-version":[{"id":593,"href":"https:\/\/kirikumoisa.eu\/index.php?rest_route=\/wp\/v2\/pages\/578\/revisions\/593"}],"wp:attachment":[{"href":"https:\/\/kirikumoisa.eu\/index.php?rest_route=%2Fwp%2Fv2%2Fmedia&parent=578"}],"curies":[{"name":"wp","href":"https:\/\/api.w.org\/{rel}","templated":true}]}}